is divided by 23.
20
Calculate the remainder when 2207 is divided by 32.
31
Calculate the remainder when 1795 is divided by 7.
3
What is the remainder when 148 is divided by 117?
31
Calculate the remainder when 198 is divided by 60.
18
What is the remainder when 545 is divided by 36?
5
What is the remainder when 195 is divided by 50?
45
What is the remainder when 609 is divided by 120?
9
Calculate the remainder when 1263 is divided by 158.
157
What is the remainder when 4781 is divided by 87?
83
Calculate the remainder when 700 is divided by 228.
16
What is the remainder when 25122 is divided by 5?
2
What is the remainder when 528 is divided by 158?
54
Calculate the remainder when 82 is divided by 21.
19
What is the remainder when 188 is divided by 73?
42
What is the remainder when 1077 is divided by 30?
27
What is the remainder when 88 is divided by 10?
8
What is the remainder when 306 is divided by 36?
18
What is the remainder when 3848 is divided by 478?
24
What is the remainder when 2496 is divided by 21?
18
Calculate the remainder when 826 is divided by 822.
4
Calculate the remainder when 388 is divided by 65.
63
What is the remainder when 2191 is divided by 3?
1
What is the remainder when 400 is divided by 68?
60
Calculate the remainder when 233 is divided by 15.
8
Calculate the remainder when 77 is divided by 29.
19
Calculate the remainder when 480 is divided by 139.
63
Calculate the remainder when 323 is divided by 22.
15
What is the remainder when 2303 is divided by 651?
350
Calculate the remainder when 1749 is divided by 14.
13
What is the remainder when 80 is divided by 38?
4
Calculate the remainder when 409 is divided by 70.
59
What is the remainder when 978 is divided by 123?
117
Calculate the remainder when 96823 is divided by 56.
55
What is the remainder when 1199 is divided by 8?
7
What is the remainder when 94 is divided by 20?
14
Calculate the remainder when 60 is divided by 7.
4
Calculate the remainder when 617 is divided by 217.
183
Calculate the remainder when 3085 is divided by 19.
7
Calculate the remainder when 1210 is divided by 372.
94
What is the remainder when 250 is divided by 23?
20
What is the remainder when 1003 is divided by 15?
13
What is the remainder when 395 is divided by 191?
13
Calculate the remainder when 1266 is divided by 67.
60
Calculate the remainder when 705 is divided by 103.
87
What is the remainder when 13012 is divided by 7?
6
Calculate the remainder when 3201 is divided by 48.
33
What is the remainder when 195 is divided by 54?
33
Calculate the remainder when 439 is divided by 21.
19
Calculate the remainder when 257 is divided by 91.
75
What is the remainder when 44 is divided by 42?
2
What is the remainder when 352 is divided by 126?
100
Calculate the remainder when 218 is divided by 16.
10
What is the remainder when 326 is divided by 41?
39
Calculate the remainder when 650 is divided by 314.
22
Calculate the remainder when 877 is divided by 145.
7
What is the remainder when 563 is divided by 184?
11
What is the remainder when 4393 is divided by 83?
77
Calculate the remainder when 1311 is divided by 30.
21
Calculate the remainder when 2147 is divided by 12.
11
Calculate the remainder when 1444 is divided by 722.
0
Calculate the remainder when 102 is divided by 21.
18
Calculate the remainder when 6 is divided by 6.
0
What is the remainder when 265 is divided by 128?
9
What is the remainder when 19 is divided by 13?
6
What is the remainder when 5656 is divided by 153?
148
What is the remainder when 199 is divided by 21?
10
Calculate the remainder when 16350 is divided by 28.
26
What is the remainder when 27 is divided by 20?
7
What is the remainder when 3357 is divided by 668?
17
Calculate the remainder when 2149 is divided by 50.
49
Calculate the remainder when 97 is divided by 11.
9
What is the remainder when 11122 is divided by 206?
204
What is the remainder when 1280 is divided by 7?
6
What is the remainder when 97 is divided by 13?
6
What is the remainder when 545 is divided by 275?
270
What is the remainder when 80729 is divided by 15?
14
Calculate the remainder when 240 is divided by 18.
6
What is the remainder when 111 is divided by 19?
16
What is the remainder when 362 is divided by 33?
32
Calculate the remainder when 110 is divided by 98.
12
Calculate the remainder when 119 is divided by 109.
10
What is the remainder when 88 is divided by 16?
8
Calculate the remainder when 144 is divided by 31.
20
What is the remainder when 14 is divided by 6?
2
Calculate the remainder when 8 is divided by 7.
1
What is the remainder when 223 is divided by 78?
67
Calculate the remainder when 137 is divided by 46.
45
What is the remainder when 135 is divided by 16?
7
Calculate the remainder when 1186 is divided by 18.
16
What is the remainder when 124 is divided by 9?
7
Calculate the remainder when 594 is divided by 120.
114
What is the remainder when 103 is divided by 31?
10
What is the remainder when 141 is divided by 33?
9
What is the remainder when 201 is divided by 21?
12
Calculate the remainder when 181 is divided by 5.
1
Calculate the remainder when 380 is divided by 183.
14
Calculate the remainder when 1232 is divided by 319.
275
What is the remainder when 158 is divided by 54?
50
What is the remainder when 253 is divided by 17?
15
Calculate the remainder when 156 is divided by 73.
10
What is the remainder when 94 is divided by 30?
4
What is the remainder when 15 is divided by 4?
3
What is the remainder when 1097 is divided by 58?
53
What is the remainder when 654 is divided by 319?
16
What is the remainder when 139 is divided by 71?
68
What is the remainder when 73 is divided by 34?
5
Calculate the remainder when 521 is divided by 23.
15
What is the remainder when 578 is divided by 73?
67
What is the remainder when 233 is divided by 47?
45
What is the remainder when 1439 is divided by 719?
1
What is the remainder when 59 is divided by 30?
29
Calculate the remainder when 2055 is divided by 207.
192
What is the remainder when 331 is divided by 257?
74
Calculate the remainder when 26 is divided by 16.
10
What is the remainder when 432 is divided by 216?
0
Calculate the remainder when 59 is divided by 6.
5
What is the remainder when 237 is divided by 223?
14
What is the remainder when 1728 is divided by 344?
8
Calculate the remainder when 1091 is divided by 52.
51
What is the remainder when 10 is divided by 3?
1
What is the remainder when 508 is divided by 16?
12
Calculate the remainder when 52 is divided by 7.
3
What is the remainder when 7067 is divided by 354?
341
What is the remainder when 998 is divided by 274?
176
What is the remainder when 254 is divided by 13?
7
Calculate the remainder when 53 is divided by 22.
9
Calculate the remainder when 374 is divided by 95.
89
Calculate the remainder when 76 is divided by 11.
10
Calculate the remainder when 1396 is divided by 107.
5
What is the remainder when 14514 is divided by 19?
17
Calculate the remainder when 2271 is divided by 450.
21
What is the remainder when 1200 is divided by 1196?
4
Calculate the remainder when 252 is divided by 86.
80
Calculate the remainder when 248 is divided by 77.
17
What is the remainder when 122 is divided by 18?
14
Calculate the remainder when 1680 is divided by 814.
52
Calculate the remainder when 28 is divided by 26.
2
What is the remainder when 13 is divided by 8?
5
Calculate the remainder when 89 is divided by 15.
14
What is the remainder when 126 is divided by 29?
10
What is the remainder when 871 is divided by 46?
43
Calculate the remainder when 263 is divided by 12.
11
Calculate the remainder when 1194 is divided by 50.
44
What is the remainder when 1631 is divided by 86?
83
What is the remainder when 430 is divided by 11?
1
Calculate the remainder when 232 is divided by 40.
32
Calculate the remainder when 97 is divided by 74.
23
Calculate the remainder when 283 is divided by 36.
31
What is the remainder when 60 is divided by 34?
26
Calculate the remainder when 538 is divided by 68.
62
Calculate the remainder when 180 is divided by 96.
84
What is the remainder when 175 is divided by 58?
1
Calculate the remainder when 836 is divided by 35.
31
What is the remainder when 282 is divided by 26?
22
Calculate the